ided by 47?
41
What is the remainder when 96 is divided by 74?
22
What is the remainder when 267 is divided by 10?
7
What is the remainder when 16 is divided by 9?
7
Calculate the remainder when 850 is divided by 405.
40
What is the remainder when 298 is divided by 285?
13
Calculate the remainder when 80 is divided by 22.
14
What is the remainder when 1989 is divided by 68?
17
Calculate the remainder when 135 is divided by 17.
16
Calculate the remainder when 7134 is divided by 119.
113
What is the remainder when 314 is divided by 79?
77
Calculate the remainder when 3132 is divided by 98.
94
Calculate the remainder when 30 is divided by 1.
0
Calculate the remainder when 1503 is divided by 374.
7
What is the remainder when 119 is divided by 79?
40
What is the remainder when 839 is divided by 417?
5
Calculate the remainder when 174 is divided by 3.
0
What is the remainder when 404 is divided by 27?
26
Calculate the remainder when 445 is divided by 63.
4
Calculate the remainder when 2983 is divided by 594.
13
What is the remainder when 267 is divided by 10?
7
Calculate the remainder when 289 is divided by 55.
14
Calculate the remainder when 2262 is divided by 73.
72
Calculate the remainder when 176 is divided by 24.
8
Calculate the remainder when 252 is divided by 83.
3
What is the remainder when 346 is divided by 89?
79
What is the remainder when 2040 is divided by 78?
12
Calculate the remainder when 461 is divided by 77.
76
Calculate the remainder when 32 is divided by 9.
5
What is the remainder when 114 is divided by 77?
37
Calculate the remainder when 152 is divided by 6.
2
Calculate the remainder when 78 is divided by 41.
37
Calculate the remainder when 274 is divided by 108.
58
What is the remainder when 60 is divided by 9?
6
What is the remainder when 83 is divided by 32?
19
Calculate the remainder when 98 is divided by 27.
17
What is the remainder when 459 is divided by 34?
17
What is the remainder when 137 is divided by 28?
25
What is the remainder when 987 is divided by 23?
21
Calculate the remainder when 436 is divided by 328.
108
What is the remainder when 1273 is divided by 15?
13
What is the remainder when 1090 is divided by 84?
82
Calculate the remainder when 317 is divided by 134.
49
What is the remainder when 1018 is divided by 17?
15
What is the remainder when 281 is divided by 26?
21
What is the remainder when 1416 is divided by 340?
56
What is the remainder when 633 is divided by 216?
201
Calculate the remainder when 1319 is divided by 24.
23
Calculate the remainder when 85 is divided by 14.
1
What is the remainder when 364 is divided by 86?
20
What is the remainder when 268 is divided by 98?
72
What is the remainder when 6838 is divided by 8?
6
What is the remainder when 76 is divided by 60?
16
What is the remainder when 1388 is divided by 107?
104
What is the remainder when 781 is divided by 46?
45
Calculate the remainder when 418 is divided by 78.
28
Calculate the remainder when 183 is divided by 99.
84
What is the remainder when 350 is divided by 92?
74
What is the remainder when 318 is divided by 23?
19
Calculate the remainder when 263 is divided by 5.
3
What is the remainder when 66 is divided by 31?
4
What is the remainder when 3047 is divided by 1520?
7
Calculate the remainder when 957 is divided by 475.
7
Calculate the remainder when 185 is divided by 24.
17
What is the remainder when 348 is divided by 90?
78
Calculate the remainder when 204 is divided by 7.
1
Calculate the remainder when 58 is divided by 12.
10
What is the remainder when 57 is divided by 50?
7
Calculate the remainder when 1578 is divided by 31.
28
What is the remainder when 847 is divided by 374?
99
What is the remainder when 1515 is divided by 40?
35
Calculate the remainder when 5543 is divided by 94.
91
What is the remainder when 171 is divided by 39?
15
Calculate the remainder when 934 is divided by 104.
102
What is the remainder when 491 is divided by 131?
98
Calculate the remainder when 8772 is divided by 45.
42
What is the remainder when 13164 is divided by 227?
225
What is the remainder when 97 is divided by 7?
6
What is the remainder when 436 is divided by 19?
18
Calculate the remainder when 27 is divided by 8.
3
Calculate the remainder when 226 is divided by 47.
38
Calculate the remainder when 80 is divided by 44.
36
Calculate the remainder when 5502 is divided by 17.
11
What is the remainder when 3357 is divided by 42?
39
Calculate the remainder when 124 is divided by 37.
13
What is the remainder when 22 is divided by 13?
9
Calculate the remainder when 343 is divided by 86.
85
What is the remainder when 615 is divided by 163?
126
What is the remainder when 54 is divided by 21?
12
Calculate the remainder when 221 is divided by 25.
21
What is the remainder when 433 is divided by 85?
8
Calculate the remainder when 140 is divided by 52.
36
What is the remainder when 17522 is divided by 177?
176
What is the remainder when 444 is divided by 30?
24
What is the remainder when 238 is divided by 152?
86
What is the remainder when 608 is divided by 551?
57
What is the remainder when 477 is divided by 246?
231
What is the remainder when 109 is divided by 28?
25
Calculate the remainder when 106 is divided by 24.
10
Calculate the remainder when 111 is divided by 46.
19
What is the remainder when 351 is divided by 18?
9
What is the remainder when 15 is divided by 6?
3
What is the remainder when 185 is divided by 28?
17
Calculate the remainder when 307 is divided by 166.
141
What is the remainder when 1102 is divided by 3?
1
Calculate the remainder when 26045 is divided by 16.
13
Calculate the remainder when 2291 is divided by 17.
13
What is the remainder when 611 is divided by 27?
17
What is the remainder when 7395 is divided by 411?
408
Calculate the remainder when 39 is divided by 20.
19
Calculate the remainder when 400 is divided by 160.
80
Calculate the remainder when 46979 is divided by 20.
19
What is the remainder when 1562 is divided by 157?
149
What is the remainder when 780 is divided by 9?
6
What is the remainder when 3373 is divided by 1685?
3
What is the remainder when 1309 is divided by 23?
21
Calculate the remainder when 34 is divided by 24.
10
What is the remainder when 804 is divided by 111?
27
Calculate the remainder when 144 is divided by 30.
24
What is the remainder when 301 is divided by 46?
25
What is the remainder when 655 is divided by 9?
7
What is the remainder when 1575 is divided by 83?
81
Calculate the remainder when 276 is divided by 54.
6
Calculate the remainder when 352 is divided by 92.
76
Calculate the remainder when 944 is divided by 38.
32
What is the remainder when 667 is divided by 662?
5
What is the remainder when 23002 is divided by 108?
106
Calculate the remainder when 3074 is divided by 75.
74
Calculate the remainder when 475 is divided by 119.
118
Calculate the remainder when 1432 is divided by 87.
40
Calculate the remainder when 1901 is divided by 17.
14
What is the remainder when 105 is divided by 103?
2
Calculate the remainder when 171 is divided by 78.
15
Calculate the remainder when 116 is divided by 10.
6
Calculate the remainder when 212 is divided by 2.
0
Calculate the remainder when 489 is divided by 26.
21
What is the remainder when 2656 is divided by 111?
103
What is the remainder when 273 is divided by 55?
53
What is the remainder when 120 is divided by 46?
28
What is the remainder when 258 is divided by 62?
10
What is the remainder when 1202 is divided by 389?
35
What is the remainder when 202 is divided by 54?
40
What is the remainder when 1834 is divided by 607?
13
What is the remainder when 572 is divided by 20?
12
What is the remainder when 1796 is divided by 60?
56
What is the remainder when 2003 is divided by 5?
3
What is the remainder when 557 is divided by 18?
17
Calculate the remainder when 504 is divided by 34.
28
Calculate the remainder when 416 is divided by 206.
4
Calculate the remainder when 2223 is divided by 54.
9
What is the remainder when 345 is divided by 51?
39
What is the remainder when 8 is divided by 4?
0
Calculate the remainder when 459 is divided by 52.
43
What is the remainder when 430 is divided by 6?
4
Calculate the remainder when 16 is divided by 14.
2
Calculate the rema